ose -m = -5*j - 19841, 3*j - m + 2*m = -11903. Let c = 6749 - j. Is c a composite number?
True
Suppose -1776056 = -3*q - 32*q + 466149. Is q a composite number?
False
Suppose -7 + 49 = -3*y. Let v(c) = -c**3 - 14*c**2 + 16*c - 5. Let m be v(y). Let j = m + 414. Is j a composite number?
True
Suppose -3*o + 284*l = 283*l - 82887, 0 = -5*o - 2*l + 138145. Is o prime?
False
Suppose 30*x - 18*x = 24. Is 17/((x/(-8))/(1268/(-16))) composite?
True
Suppose -5621332 = -64*i + 84972. Is i prime?
False
Let w be 0 - (2/11 + (-1068)/66). Suppose -22604 = -w*k + 2084. Is k a prime number?
True
Suppose 4*p + 4343 = -h + 11666, 4*p = -3*h + 7313. Let r be p/18 - -3 - (-6)/27. Is 22134/r + (-2)/(-10) a prime number?
True
Let j(s) = -2*s + s + 131*s**2 + 5 + 3*s + 4*s. Let u be j(-3). Suppose -a = 3 + 2, 4*a = 2*d - u. Is d prime?
False
Let i be (-2 + 569)/(-3) - (-1 + 1). Let t = i - -1168. Is t composite?
True
Let d be 4*1389*3/36. Let h = d - -1716. Is h a composite number?
False
Suppose -5*d + 2*i - 16775 - 4325 = 0, 2*d = -2*i - 8454. Is d/((-4)/6*(15 - 14)) composite?
True
Let l(z) be the third derivative of -11/6*z**3 - 4/15*z**5 - 1/120*z**6 + 13*z**2 + 0 + 0*z - 13/24*z**4. Is l(-18) prime?
False
Suppose 2*b + 5*o = -2, -4*b + 2*o - 3*o + 14 = 0. Suppose 3*h - 33327 = -b*w, h - 10*w - 11114 = -13*w. Is h a prime number?
False
Suppose 0 = 7*q + 94 - 269. Suppose 0 = -2*z + q*l - 27*l + 19372, -4*z - 5*l = -38741. Is z prime?
True
Let o(i) = -754*i**2 + 6*i - 16. Let a(w) = 1131*w**2 - 9*w + 25. Let d(c) = -5*a(c) - 8*o(c). Is d(3) prime?
False
Let a(o) = 51*o + 62. Let b be a(6). Let w(r) = -26 - 9 - 127*r + b*r. Is w(8) a prime number?
False
Let r(m) = -185*m + 133. Let i be r(-37). Suppose 27*o = i + 140577. Is o a composite number?
True
Let s(u) be the first derivative of u**3 + u**2 - 5*u + 22. Let w be s(-3). Is (-2)/w - (-11684)/32 a composite number?
True
Suppose -x + 5 = -3*y - 2, 0 = x + 2*y + 18. Let a be ((-2*3)/(-2))/(x/(-54792)). Suppose -a = -6*l - 6549. Is l composite?
False
Is ((-10256470)/8)/(-7) + (-17)/(-680)*-10 a composite number?
False
Suppose 0 = -324*o - 115*o + 29913899. Is o composite?
False
Suppose -1710 = 22*o - 12*o. Is (-38)/o + ((-111002)/(-18))/1 prime?
False
Suppose -4*o - 164 - 87 = 3*j, -j - 101 = -3*o. Let i = 93 + j. Is 41655/65 - i/(-26) a composite number?
False
Let k = -50 - -55. Suppose -13*c = -12*c + 3*f - 229, k*c - 3*f - 1109 = 0. Is c composite?
False
Is (-334862)/(-7) - ((-85)/(-35) - 1 - 1) a composite number?
False
Suppose 3*w + a + 19796 = 0, -6*w + 8*w = a - 13194. Let q = w + 11649. Is q prime?
True
Suppose 16*f + 16343 = 6*f - 49*f. Let x = -1 - -2. Is (2 - x)*f*(2 - 3) a prime number?
True
Let w be -13 + 10 + 0 + 0 + 1480. Let t = 1014 + w. Is t a composite number?
True
Suppose 2*v - 73777 = -3*l + 11905, 28566 = l - 2*v. Let c = -20171 + l. Is c prime?
False
Suppose 4*b - 5*a = 35, 3*b - 11 = -b - 3*a. Suppose 22672 = 14*r + 2*r. Suppose 5*z + 5235 = 5*s, -b*s - 4*z + 6616 - r = 0. Is s a composite number?
True
Suppose q + 4*w = 2*w - 247, 0 = 3*q - w + 748. Let y(s) = -118*s - 20. Let a be y(-10). Let h = q + a. Is h a prime number?
True
Let q = 458 - 284. Suppose -q*j = -180*j + 20946. Is j prime?
True
Suppose 9338 = 80*k - 78*k. Suppose -4*t = -5*l - k, t - 3*l = -6*l + 1180. Is t composite?
False
Is ((-3151981)/(-15))/7 + 30/225 a prime number?
False
Suppose -13*b + 34245 = -18*b. Let i = -4351 - b. Is i a composite number?
True
Let t = 574039 + -338892. Is t composite?
True
Suppose -3*r - 5*u + 10*u = -55, 4*u = -r + 41. Suppose 23*h - r*h + 1724 = 0. Let x = h - 369. Is x composite?
True
Let p = 18115 - -11626. Is p a composite number?
False
Suppose -67*g + 632132 = -9067659. Is g a composite number?
False
Suppose 8*w - 130607 = 141081. Is w composite?
False
Suppose -5*w = -2*y - 10, 3*y - 4*y = -4*w + 5. Suppose 3*d = 4*m + 5147, -d + m - 4*m + 1694 = w. Is d a prime number?
True
Let y be (9/6 - 1) + 125/(-50). Is (y + 1)/(691096/(-230363) - -3) a composite number?
False
Let a = -12564 - -58901. Is a composite?
False
Let b(o) = 125*o**2 + 7*o - 61. Let k be (2 + -9)*(8 - 9). Is b(k) a composite number?
False
Is 45811 - (-12 - -5 - 9) a composite number?
False
Suppose -9*o - 2*h + h + 14376682 = 0, 0 = -4*o + 5*h + 6389631. Is o a prime number?
False
Let k(a) = -54*a**3 - 4*a**2 + 8*a + 209. Is k(-10) a composite number?
True
Suppose 37*f - 107751 - 532978 = 0. Is f prime?
True
Suppose 3*b - 38 = -29. Suppose -5*i + i - 4*r = -1120, -2*i + 550 = -b*r. Is i a composite number?
True
Let z = 289298 - 178947. Is z a composite number?
True
Is 205045/46*(-6)/(-15) + -6 prime?
True
Let n = 20039 + -9828. Is n composite?
False
Suppose 68*t = 70*t - 31554. Let m = t - 11116. Is m composite?
True
Suppose 31*k = 35*k - a - 134202, -4 = 2*a. Suppose 2*d = -4*o + 14312, -5*d + 2*o + k = -2266. Is d prime?
False
Let l(u) = u**3 - 123*u**2 + 240*u + 1. Is l(138) composite?
False
Let y(u) = 34289*u + 184. Is y(3) prime?
False
Suppose 10796694 = -136*h + 112*h + 270*h. Is h composite?
False
Let c(l) = 55*l**2 + 2*l - 656. Is c(-41) a composite number?
True
Let l = -290 - -286. Let g(h) = -2316*h + 47. Is g(l) prime?
True
Suppose 6 = 3*g, 3*b - 2*g = -4*g + 143215. Is b a prime number?
True
Suppose -3*s + w - 6 = 0, 0 = -7*s + 6*s + w - 2. Let x = 6 + -20. Is -127*s/(-4)*x*1 a composite number?
True
Let q(r) = -3*r - 23. Let j be q(-6). Let m(p) = -16*p**2 - 2*p - 12. Let s be m(j). Let k = -236 - s. Is k composite?
True
Let x(q) = -74*q**2 + 9*q + 6. Let u be x(-5). Let w = 499 + -1643. Let k = w - u. Is k a prime number?
False
Let j be 1*-4 + (-40)/(-4). Suppose j*p - 44 = 4. Is (0 + 948/p)*52/6 a prime number?
False
Let m = 193 + -184. Let j(w) = 206*w**2 + 5. Is j(m) a prime number?
True
Suppose -142*j + 5553828 - 177704 - 453978 = 0. Is j a prime number?
False
Let f be (32/12 + -3)/((-2)/54). Suppose b - 2*s - 11965 = 0, 6*s + 6 = f*s. Is b a prime number?
True
Let u(a) be the first derivative of 97*a**3/3 + a**2/2 - 5*a - 52. Is u(9) a prime number?
False
Let k = 414 + -401. Suppose -12*h - 83 = -k*h + 3*y, 4*y - 8 = 0. Is h a prime number?
True
Suppose 2*t - 5028 = -69*g + 67*g, 2 = -g. Let p = -1 + 3. Suppose -5*m + 1308 = 5*o - 1837, -4*o + t = -p*m. Is o a prime number?
False
Let f(u) be the second derivative of -5*u + 1/6*u**3 + 3/20*u**5 - 2*u**2 - 5/12*u**4 + 0. Is f(5) composite?
False
Suppose -5*l + 84875 = -2*v, 0 = 5*v - 9*v - 3*l - 169737. Let h = -2932 - v. Is h composite?
False
Let k be (1 + -3)/((-1)/(-2)) + 12. Let x be 2*((-13716)/k)/(-9). Suppose 2*g - 5*z + 34 = 288, -3*g + x = z. Is g a prime number?
True
Let x(o) = -7*o**3 + 8*o**2 + 8*o - 64. Is x(-11) composite?
False
Let p = 7 - -4. Suppose -5*d + 14 = -p. Suppose -5*z + 68 = b, z - d*z + 277 = 5*b. Is b a composite number?
False
Suppose -14*w + 513966 = -868408. Is w a prime number?
False
Let r(x) = -176*x**2 + 2*x - 1. Let q be r(1). Let m = 131 - -402. Let l = m + q. Is l a prime number?
False
Suppose -36 = -4*m - x, 0 = -m + x + 8 + 6. Suppose -5*v = m, u + 258 - 1129 = v. Is u a composite number?
True
Suppose -124815 - 71543 = -2*t. Is t composite?
False
Suppose 3*i = 3*u - 36, -5*i + 3*u - 2*u = 52. Let z(y) = -137*y - 9. Is z(i) composite?
False
Suppose o - 2870 - 2277 = 3*c, 3*o = -2*c + 15419. Let u = o - 1600. Is u prime?
True
Let b(v) = -v**3 - 6*v**2 - 7*v - 4. Let n be b(-4). Let u be n/(-2) + -1 + (0 - 2). Is ((-2204)/(-8))/(u/2) prime?
False
Is ((-16)/12)/(68/(-7064061)) prime?
True
Let h(x) = -55*x**2 + 147*x - 16. Let s(r) = -19*r**2 + 49*r - 5. Let u(f) = -6*h(f) + 17*s(f). Is u(27) a composite number?
True
Let d(u) = -u**2 + 3*u - 25. Let f(r) = -1 + 4 + 3 - r. Let l(c) = -2*d(c) - 9*f(c). Is l(9) prime?
False
Let x = 9605 + 14026. Is x composite?
True
Suppose 33*t + 612993 = 2*s + 38*t, -306495 = -s - t. Is s composite?
True
Let k(a) = 359*a**3 + 5*a**2 - 12*a + 22. Let z(j) = -717*j**3 - 9*j**2 + 26*j - 45. Let i(o) = -5*k(o) - 3*z(o). Is i(4) a prime number?
True
Let y(s) = -13*s**3 - 4*s + 7. Let v be 4/10 + 0 + (-1107)/205. Let j be y(v). Let z = 2371 - j. Is z prime?
True
Suppose -5*z + 446609 = -230*v + 226*v, -4*z + 4*v = -357288. Is z a composite number?
True
Let h(x) = 6*x**2 - 120*x + 4. Let s be 